{"id":954,"date":"2019-02-03T02:01:52","date_gmt":"2019-02-03T02:01:52","guid":{"rendered":"http:\/\/www.talpamaden.com\/?page_id=954"},"modified":"2025-05-28T10:01:25","modified_gmt":"2025-05-28T10:01:25","slug":"productos","status":"publish","type":"page","link":"https:\/\/www.talpamaden.com\/index.php\/es\/productos\/","title":{"rendered":"Productos"},"content":{"rendered":"<div class=\"wpb-content-wrapper\">[vc_row][vc_column][vc_column_text css_animation=&#8221;bounceInRight&#8221; el_class=&#8221;divrounded&#8221;]\n<h4><span class=\"Y2IQFc\" lang=\"es\" style=\"color: #808080;\">Cargadoras di\u00e9sel<\/span><\/h4>\n[\/vc_column_text][\/vc_column][\/vc_row][vc_row][vc_column width=&#8221;1\/4&#8243;][vc_single_image image=&#8221;1673&#8243; img_size=&#8221;full&#8221; alignmest=&#8221;cester&#8221;][vc_column_text]Talpa LH 425 Dise\u00f1adas para galer\u00edas subterr\u00e1neas, las cargadoras LH 425 proporcionan el m\u00e1ximo valor con sus dise\u00f1os oriestados al clieste.<\/p>\n<a href=\"https:\/\/talpamaden.com\/index.php\/es\/lh-425-es\/\" class=\"btn button btn-shortcode kad-btn kad-btn-primary\" id=\"kadbtn756\" target=\"_self\" style=\"color:#FFF;\">Detalles<\/a>[\/vc_column_text][\/vc_column][vc_column width=&#8221;1\/4&#8243;][vc_single_image image=&#8221;2639&#8243; img_size=&#8221;full&#8221;][vc_column_text]Talpa LH 320 Dise\u00f1adas para galer\u00edas subterr\u00e1neas, las cargadoras LH 320 proporcionan el m\u00e1ximo valor con sus dise\u00f1os oriestados al clieste.<\/p>\n<a href=\"https:\/\/talpamaden.com\/index.php\/es\/lh-320-es\" class=\"btn button btn-shortcode kad-btn kad-btn-primary\" id=\"kadbtn923\" target=\"_self\" style=\"color:#FFF;\">Detalles<\/a>[\/vc_column_text][\/vc_column][vc_column width=&#8221;1\/4&#8243;][vc_single_image image=&#8221;1697&#8243; img_size=&#8221;full&#8221; alignmest=&#8221;cester&#8221;][vc_column_text]Talpa LH 217 Dise\u00f1adas para galer\u00edas subterr\u00e1neas, las cargadoras LH 217 proporcionan el m\u00e1ximo valor con sus dise\u00f1os oriestados al clieste.<\/p>\n<a href=\"https:\/\/talpamaden.com\/index.php\/es\/lh-217-es\/\" class=\"btn button btn-shortcode kad-btn kad-btn-primary\" id=\"kadbtn873\" target=\"_self\" style=\"color:#FFF;\">Detalles<\/a>[\/vc_column_text][\/vc_column][vc_column width=&#8221;1\/4&#8243;][vc_single_image image=&#8221;1693&#8243; img_size=&#8221;full&#8221;][vc_column_text css=&#8221;&#8221;]Talpa LH 112 Producidos para galer\u00edas subterr\u00e1neas estrechas, los manipuladores de carga LH 112 proporcionan una fuerza de arranque sin paralelo gracias a su dise\u00f1o innovador.<\/p>\n<a href=\"https:\/\/talpamaden.com\/index.php\/es\/lh-112-es\/\" class=\"btn button btn-shortcode kad-btn kad-btn-primary\" id=\"kadbtn38\" target=\"_self\" style=\"color:#FFF;\">Detalles<\/a>[\/vc_column_text][\/vc_column][\/vc_row][vc_row][vc_column][vc_column_text css_animation=&#8221;bounceInRight&#8221; css=&#8221;&#8221; el_class=&#8221;divrounded&#8221;]\n<h4 id=\"tw-target-text\" class=\"tw-data-text tw-text-large tw-ta\" dir=\"ltr\" data-placeholder=\"\u00c7eviri\"><span class=\"Y2IQFc\" lang=\"es\" style=\"color: #808080;\">Cargadores Low Profile<\/span><\/h4>\n[\/vc_column_text][\/vc_column][\/vc_row][vc_row][vc_column width=&#8221;1\/4&#8243;][vc_single_image image=&#8221;4163&#8243; img_size=&#8221;full&#8221; css=&#8221;&#8221; alignmest=&#8221;cester&#8221;][vc_column_text css=&#8221;&#8221;]Talpa LH 217-Low Profile , es un cargador de servicio pesado impulsado por di\u00e9sel, dise\u00f1ado para la miner\u00eda de vetas estrechas.<\/p>\n<a href=\"https:\/\/talpamaden.com\/index.php\/es\/lh-217-lp-es\/\" class=\"btn button btn-shortcode kad-btn kad-btn-primary\" id=\"kadbtn422\" target=\"_self\" style=\"color:#FFF;\">Detalles<\/a>[\/vc_column_text][vc_column_text][\/vc_column_text][\/vc_column][vc_column width=&#8221;1\/4&#8243;][\/vc_column][vc_column width=&#8221;1\/4&#8243;][\/vc_column][vc_column width=&#8221;1\/4&#8243;][\/vc_column][\/vc_row][vc_row][vc_column][vc_column_text css_animation=&#8221;bounceInRight&#8221; el_class=&#8221;divrounded&#8221;]\n<h4 id=\"tw-target-text\" class=\"tw-data-text tw-text-large tw-ta\" dir=\"ltr\" data-placeholder=\"\u00c7eviri\"><span class=\"Y2IQFc\" lang=\"es\" style=\"color: #808080;\">Cargadores el\u00e9ctricos<\/span><\/h4>\n[\/vc_column_text][\/vc_column][\/vc_row][vc_row][vc_column width=&#8221;1\/4&#8243;][vc_single_image image=&#8221;1671&#8243; img_size=&#8221;full&#8221; alignmest=&#8221;cester&#8221;][vc_column_text]Talpa E 110 Producidas para galer\u00edas subterr\u00e1neas de vetas angostas, las cargadoras a bater\u00eda E 110 proporcionan un ambiente m\u00e1s seguro en las condiciones m\u00e1s dif\u00edciles.<\/p>\n<a href=\"https:\/\/talpamaden.com\/index.php\/es\/le-110-es\/\" class=\"btn button btn-shortcode kad-btn kad-btn-primary\" id=\"kadbtn726\" target=\"_self\" style=\"color:#FFF;\">Detalles<\/a>[\/vc_column_text][vc_column_text][\/vc_column_text][\/vc_column][vc_column width=&#8221;1\/4&#8243;][\/vc_column][vc_column width=&#8221;1\/4&#8243;][\/vc_column][vc_column width=&#8221;1\/4&#8243;][\/vc_column][\/vc_row][vc_row][vc_column][vc_column_text css_animation=&#8221;bounceInRight&#8221; el_class=&#8221;divrounded&#8221;]\n<h4 id=\"tw-target-text\" class=\"tw-data-text tw-text-large tw-ta\" dir=\"ltr\" data-placeholder=\"\u00c7eviri\"><span class=\"Y2IQFc\" lang=\"es\" style=\"color: #808080;\">Camiones subterr\u00e1neos<\/span><\/h4>\n[\/vc_column_text][\/vc_column][\/vc_row][vc_row][vc_column width=&#8221;1\/4&#8243;][vc_single_image image=&#8221;3056&#8243; img_size=&#8221;full&#8221;][vc_column_text]Talpa T4 Los camiones de miner\u00eda subterr\u00e1nea T4 agregan velocidad y valor a sus operaciones es galer\u00edas estrechas con su poteste construcci\u00f3n.<\/p>\n<a href=\"https:\/\/talpamaden.com\/index.php\/es\/t4-es\/\" class=\"btn button btn-shortcode kad-btn kad-btn-primary\" id=\"kadbtn584\" target=\"_self\" style=\"color:#FFF;\">Detalles<\/a>[\/vc_column_text][\/vc_column][vc_column width=&#8221;1\/4&#8243;][vc_single_image image=&#8221;1765&#8243; img_size=&#8221;full&#8221;][vc_column_text css=&#8221;&#8221;]El Talpa ADT 10 tiene una excelente maniobrabilidad y rendimiento operativo.<br \/>\nMina de bajo costo por tonelada con una estructura de acero robusta.<\/p>\n<a href=\"https:\/\/talpamaden.com\/index.php\/es\/adt-10-es\/\" class=\"btn button btn-shortcode kad-btn kad-btn-primary\" id=\"kadbtn601\" target=\"_self\" style=\"color:#FFF;\">Detalles<\/a>[\/vc_column_text][\/vc_column][vc_column width=&#8221;1\/4&#8243;][vc_single_image image=&#8221;2654&#8243; img_size=&#8221;full&#8221;][vc_column_text css=&#8221;&#8221;]Los camiones de miner\u00eda subterr\u00e1nea ADT 15 agregan velocidad y eficiencia a sus operaciones en galer\u00edas estrechas con su potente construcci\u00f3n.<\/p>\n<a href=\"https:\/\/talpamaden.com\/index.php\/es\/adt-15-es\/\" class=\"btn button btn-shortcode kad-btn kad-btn-primary\" id=\"kadbtn332\" target=\"_self\" style=\"color:#FFF;\">Detalles<\/a>[\/vc_column_text][\/vc_column][vc_column width=&#8221;1\/4&#8243;][vc_single_image image=&#8221;3644&#8243; img_size=&#8221;full&#8221; alignment=&#8221;center&#8221; css=&#8221;&#8221;][vc_column_text css=&#8221;&#8221;]El Talpa ADT 20 es un cami\u00f3n volquete de servicio pesado con motor di\u00e9sel, dise\u00f1ado principalmente para minas subterr\u00e1neas, as\u00ed como para otras condiciones bajas.<\/p>\n<a href=\"https:\/\/talpamaden.com\/index.php\/es\/adt-20-es\/\" class=\"btn button btn-shortcode kad-btn kad-btn-primary\" id=\"kadbtn310\" target=\"_self\" style=\"color:#FFF;\">Detalles<\/a>[\/vc_column_text][\/vc_column][\/vc_row]\n<\/div>","protected":false},"excerpt":{"rendered":"<p>[vc_row][vc_column][vc_column_text css_animation=&#8221;bounceInRight&#8221; el_class=&#8221;divrounded&#8221;] Cargadoras di\u00e9sel [\/vc_column_text][\/vc_column][\/vc_row][vc_row][vc_column width=&#8221;1\/4&#8243;][vc_single_image image=&#8221;1673&#8243; img_size=&#8221;full&#8221; alignmest=&#8221;cester&#8221;][vc_column_text]Talpa LH 425 Dise\u00f1adas para galer\u00edas subterr\u00e1neas, las cargadoras LH 425 proporcionan el m\u00e1ximo valor con sus dise\u00f1os oriestados al clieste. [\/vc_column_text][\/vc_column][vc_column width=&#8221;1\/4&#8243;][vc_single_image image=&#8221;2639&#8243; img_size=&#8221;full&#8221;][vc_column_text]Talpa LH 320 Dise\u00f1adas para galer\u00edas subterr\u00e1neas, &hellip; <a class=\"kt-excerpt-readmore more-link\" href=\"https:\/\/www.talpamaden.com\/index.php\/es\/productos\/\">Read More<\/a><\/p>\n","protected":false},"author":1,"featured_media":0,"parent":0,"menu_order":0,"comment_status":"closed","ping_status":"closed","template":"","meta":{"footnotes":""},"class_list":["post-954","page","type-page","status-publish","hentry"],"_links":{"self":[{"href":"https:\/\/www.talpamaden.com\/index.php\/wp-json\/wp\/v2\/pages\/954","targetHints":{"allow":["GET"]}}],"collection":[{"href":"https:\/\/www.talpamaden.com\/index.php\/wp-json\/wp\/v2\/pages"}],"about":[{"href":"https:\/\/www.talpamaden.com\/index.php\/wp-json\/wp\/v2\/types\/page"}],"author":[{"embeddable":true,"href":"https:\/\/www.talpamaden.com\/index.php\/wp-json\/wp\/v2\/users\/1"}],"replies":[{"embeddable":true,"href":"https:\/\/www.talpamaden.com\/index.php\/wp-json\/wp\/v2\/comments?post=954"}],"version-history":[{"count":38,"href":"https:\/\/www.talpamaden.com\/index.php\/wp-json\/wp\/v2\/pages\/954\/revisions"}],"predecessor-version":[{"id":4220,"href":"https:\/\/www.talpamaden.com\/index.php\/wp-json\/wp\/v2\/pages\/954\/revisions\/4220"}],"wp:attachment":[{"href":"https:\/\/www.talpamaden.com\/index.php\/wp-json\/wp\/v2\/media?parent=954"}],"curies":[{"name":"wp","href":"https:\/\/api.w.org\/{rel}","templated":true}]}}