{"id":67,"date":"2016-08-18T21:26:14","date_gmt":"2016-08-18T21:26:14","guid":{"rendered":"http:\/\/www.talpamaden.com\/demo\/?page_id=67"},"modified":"2025-02-12T12:43:46","modified_gmt":"2025-02-12T12:43:46","slug":"iletisim","status":"publish","type":"page","link":"https:\/\/www.talpamaden.com\/index.php\/tr\/iletisim\/","title":{"rendered":"\u0130leti\u015fim"},"content":{"rendered":"<div class=\"wpb-content-wrapper\">[vc_row][vc_column width=&#8221;1\/2&#8243;][vc_column_text el_class=&#8221;text-block-1&#8243;]\n<h3 style=\"text-align: left;\">Bizimle temasa ge\u00e7in<\/h3>\n<h4 style=\"text-align: left;\">\u0130leti\u015fim bilgilerimiz<\/h4>\n<hr \/>\n<p><span style=\"color: #003366;\"><strong>TALPA MAK\u0130NA SANAY\u0130 VE T\u0130CARET A.\u015e.<\/strong><\/span><\/p>\n<p class=\"align-1\"><i class=\"kt-icon-map-marker\" style=\"font-size:25px; color:#000;\"><\/i>\u00a0 10013 Sk. No:8A \/ A.O.S.B. \/ 35620 &#8211; \u00c7i\u011fli \/ \u0130zmir \/ T\u00fcrkiye<\/p>\n<p class=\"align-1\"><i class=\"kt-icon-envelope-o\" style=\"font-size:25px; color:#000;\"><\/i>\u00a0<a href=\"mailto:talpa@talpamaden.com\">talpa@talpamaden.com<\/a><\/p>\n<p class=\"align-1\"><i class=\"kt-icon-phone\" style=\"font-size:25px; color:#000;\"><\/i>\u00a0 +90 (232) 503 40 50<\/p>\n<hr \/>\n<h4 style=\"text-align: left;\">Bizi sosyal medyada takip edin<\/h4>\n<p class=\"align-1\"><i class=\"kt-icon-instagram\" style=\"font-size:25px; color:red;\"><\/i>\u00a0<a href=\"https:\/\/instagram.com\/talpamining\">instagram.com\/talpamining<\/a>\/<\/p>\n<p class=\"align-1\"><i class=\"kt-icon-facebook-square\" style=\"font-size:25px; color:#1B74E4;\"><\/i><a href=\"https:\/\/facebook.com\/talpamining\/\" target=\"_blank\" rel=\"noopener\">\u00a0facebook.com\/talpamining\/<\/a><\/p>\n[\/vc_column_text][\/vc_column][vc_column width=&#8221;1\/2&#8243;][vc_column_text el_class=&#8221;text-block-1&#8243;]<div class=\"wpforms-container wpforms-container-full divrounded\" id=\"wpforms-2158\"><form id=\"wpforms-form-2158\" class=\"wpforms-validate wpforms-form wpforms-ajax-form\" data-formid=\"2158\" method=\"post\" enctype=\"multipart\/form-data\" action=\"\/index.php\/wp-json\/wp\/v2\/pages\/67\" data-token=\"7c9797854bcbec27e82e7ede76e4749e\" data-token-time=\"1776218685\"><noscript class=\"wpforms-error-noscript\">Please enable JavaScript in your browser to complete this form.<\/noscript><div class=\"wpforms-field-container\"><div id=\"wpforms-2158-field_0-container\" class=\"wpforms-field wpforms-field-name\" data-field-id=\"0\"><label class=\"wpforms-field-label\">\u0130sim <span class=\"wpforms-required-label\">*<\/span><\/label><div class=\"wpforms-field-row wpforms-field-medium\"><div class=\"wpforms-field-row-block wpforms-first wpforms-one-half\"><input type=\"text\" id=\"wpforms-2158-field_0\" class=\"wpforms-field-name-first wpforms-field-required\" name=\"wpforms[fields][0][first]\" required><label for=\"wpforms-2158-field_0\" class=\"wpforms-field-sublabel after\">First<\/label><\/div><div class=\"wpforms-field-row-block wpforms-one-half\"><input type=\"text\" id=\"wpforms-2158-field_0-last\" class=\"wpforms-field-name-last wpforms-field-required\" name=\"wpforms[fields][0][last]\" required><label for=\"wpforms-2158-field_0-last\" class=\"wpforms-field-sublabel after\">Last<\/label><\/div><\/div><\/div><div id=\"wpforms-2158-field_1-container\" class=\"wpforms-field wpforms-field-email\" data-field-id=\"1\"><label class=\"wpforms-field-label\" for=\"wpforms-2158-field_1\">E posta <span class=\"wpforms-required-label\">*<\/span><\/label><input type=\"email\" id=\"wpforms-2158-field_1\" class=\"wpforms-field-medium wpforms-field-required\" name=\"wpforms[fields][1]\" spellcheck=\"false\" required><\/div><div id=\"wpforms-2158-field_2-container\" class=\"wpforms-field wpforms-field-textarea\" data-field-id=\"2\"><label class=\"wpforms-field-label\" for=\"wpforms-2158-field_2\">Mesaj\u0131n\u0131z <span class=\"wpforms-required-label\">*<\/span><\/label><textarea id=\"wpforms-2158-field_2\" class=\"wpforms-field-medium wpforms-field-required\" name=\"wpforms[fields][2]\" required><\/textarea><\/div><\/div><!-- .wpforms-field-container --><div class=\"wpforms-recaptcha-container wpforms-is-hcaptcha\" ><div class=\"h-captcha\" data-sitekey=\"c6446dd4-617a-426b-ae31-38d7aebbfb50\"><\/div><input type=\"text\" name=\"g-recaptcha-hidden\" class=\"wpforms-recaptcha-hidden\" style=\"position:absolute!important;clip:rect(0,0,0,0)!important;height:1px!important;width:1px!important;border:0!important;overflow:hidden!important;padding:0!important;margin:0!important;\" data-rule-hcaptcha=\"1\"><\/div><div class=\"wpforms-submit-container\" ><input type=\"hidden\" name=\"wpforms[id]\" value=\"2158\"><input type=\"hidden\" name=\"page_title\" value=\"\"><input type=\"hidden\" name=\"page_url\" value=\"https:\/\/www.talpamaden.com\/index.php\/wp-json\/wp\/v2\/pages\/67\"><input type=\"hidden\" name=\"url_referer\" value=\"\"><button type=\"submit\" name=\"wpforms[submit]\" id=\"wpforms-submit-2158\" class=\"wpforms-submit submit\" data-alt-text=\"Sending...\" data-submit-text=\"G\u00f6nder\" aria-live=\"assertive\" value=\"wpforms-submit\">G\u00f6nder<\/button><img loading=\"lazy\" decoding=\"async\" src=\"https:\/\/www.talpamaden.com\/wp-content\/plugins\/wpforms-lite\/assets\/images\/submit-spin.svg\" class=\"wpforms-submit-spinner\" style=\"display: none;\" width=\"26\" height=\"26\" alt=\"Loading\"><\/div><\/form><\/div>  <!-- .wpforms-container -->[\/vc_column_text][\/vc_column][\/vc_row][vc_row][vc_column][vc_custom_heading text=&#8221;Lokasyon bilgileri&#8221; font_container=&#8221;tag:h3|text_align:left&#8221; css=&#8221;&#8221;][vc_gmaps link=&#8221;#E-8_JTNDaWZyYW1lJTIwc3JjJTNEJTIyaHR0cHMlM0ElMkYlMkZ3d3cuZ29vZ2xlLmNvbSUyRm1hcHMlMkZlbWJlZCUzRnBiJTNEJTIxMW0xNCUyMTFtOCUyMTFtMyUyMTFkMTAwMDAxLjgzOTk4NzA4Mjc5JTIxMmQyNy4xMzg0NTc2JTIxM2QzOC40NDAxNDA4JTIxM20yJTIxMWkxMDI0JTIxMmk3NjglMjE0ZjEzLjElMjEzbTMlMjExbTIlMjExczB4MTRiYmRiOTgyM2E3ZWUwMSUyNTNBMHg3Yjc4OTA4NTQ5MjA2ZGUzJTIxMnNUYWxwYSUyNTIwTWFkZW4lMjE1ZTAlMjEzbTIlMjExc3RyJTIxMnN0ciUyMTR2MTY1NjMzNTg5MDI3NiUyMTVtMiUyMTFzdHIlMjEyc3RyJTIyJTIwd2lkdGglM0QlMjI2MDAlMjIlMjBoZWlnaHQlM0QlMjI0NTAlMjIlMjBzdHlsZSUzRCUyMmJvcmRlciUzQTAlM0IlMjIlMjBhbGxvd2Z1bGxzY3JlZW4lM0QlMjIlMjIlMjBsb2FkaW5nJTNEJTIybGF6eSUyMiUyMHJlZmVycmVycG9saWN5JTNEJTIybm8tcmVmZXJyZXItd2hlbi1kb3duZ3JhZGUlMjIlM0UlM0MlMkZpZnJhbWUlM0U=&#8221;][\/vc_column][\/vc_row]\n<\/div>","protected":false},"excerpt":{"rendered":"<p>[vc_row][vc_column width=&#8221;1\/2&#8243;][vc_column_text el_class=&#8221;text-block-1&#8243;] Bizimle temasa ge\u00e7in \u0130leti\u015fim bilgilerimiz TALPA MAK\u0130NA SANAY\u0130 VE T\u0130CARET A.\u015e. \u00a0 10013 Sk. No:8A \/ A.O.S.B. \/ 35620 &#8211; \u00c7i\u011fli \/ \u0130zmir \/ T\u00fcrkiye \u00a0talpa@talpamaden.com \u00a0 +90 (232) 503 40 50 Bizi sosyal medyada takip edin &hellip; <a class=\"kt-excerpt-readmore more-link\" href=\"https:\/\/www.talpamaden.com\/index.php\/tr\/iletisim\/\">Read More<\/a><\/p>\n","protected":false},"author":1,"featured_media":0,"parent":0,"menu_order":0,"comment_status":"closed","ping_status":"closed","template":"","meta":{"footnotes":""},"class_list":["post-67","page","type-page","status-publish","hentry"],"_links":{"self":[{"href":"https:\/\/www.talpamaden.com\/index.php\/wp-json\/wp\/v2\/pages\/67","targetHints":{"allow":["GET"]}}],"collection":[{"href":"https:\/\/www.talpamaden.com\/index.php\/wp-json\/wp\/v2\/pages"}],"about":[{"href":"https:\/\/www.talpamaden.com\/index.php\/wp-json\/wp\/v2\/types\/page"}],"author":[{"embeddable":true,"href":"https:\/\/www.talpamaden.com\/index.php\/wp-json\/wp\/v2\/users\/1"}],"replies":[{"embeddable":true,"href":"https:\/\/www.talpamaden.com\/index.php\/wp-json\/wp\/v2\/comments?post=67"}],"version-history":[{"count":69,"href":"https:\/\/www.talpamaden.com\/index.php\/wp-json\/wp\/v2\/pages\/67\/revisions"}],"predecessor-version":[{"id":3778,"href":"https:\/\/www.talpamaden.com\/index.php\/wp-json\/wp\/v2\/pages\/67\/revisions\/3778"}],"wp:attachment":[{"href":"https:\/\/www.talpamaden.com\/index.php\/wp-json\/wp\/v2\/media?parent=67"}],"curies":[{"name":"wp","href":"https:\/\/api.w.org\/{rel}","templated":true}]}}